the value of -65 - (28 + -102) - (14 - -1)?
-6
What is 4 + 19 + -30 + -1 + -2?
-10
What is the value of (6 - (9 + 6 + -2 + -4)) + 2?
-1
What is the value of 42 + (-68 - -38 - (2 + -17))?
27
What is -9 - (-7 - (0 - 10))?
-12
-2 + 28 - (29 - 5)
2
Evaluate -17 - -12 - ((0 - (0 - 5)) + -10).
0
What is 7 + (-8 - -4) - (-3 - (12 + -5))?
13
Evaluate (-5 - (-1 + (-7 + -1 - -5))) + 4.
3
Evaluate -2 - 8 - (-39 - -33) - 11.
-15
-2 - -3 - 2 - ((-6 - -14) + -2)
-7
What is -1 + -3 - (10 + -22) - 27?
-19
Evaluate 31 + -8 + -20 - (-1 - 17 - 1).
22
8 + -10 - (-14 - -7 - 4)
9
What is (9 - -2) + (-4 + 26 - 33)?
0
Evaluate -4 + 1 + 6 + (7 - (2 + 1)).
7
(9 - 13) + (-10 - -9) + 8
3
Evaluate 37 + (-1 + (-2 - (-11 - -2)) - 10).
33
What is the value of 28 - (28 + 2 + -6)?
4
What is 1 - (-6 + 12 + -16)?
11
Calculate -10 + 9 + -12 + 23 - 18.
-8
-1 - (0 - 8) - (-1 + -23 + 21)
10
What is 1 - (8 + (-11 - 0) - 0)?
4
Calculate 7 - (5 - (-4 + (-1 - -3) + 5)).
5
Evaluate 19 + 5 + (35 + -23 - 1).
35
What is (26 - 0) + 47 + -49 + (-11 - -5)?
18
What is the value of -2 - ((0 - -2) + (-6 - -8) - 10)?
4
Calculate (-1 - (-2 + 0 - -8)) + (117 - 86).
24
Evaluate -37 + 17 + (23 - -2).
5
Evaluate (-25 - -22) + (-31 - 3).
-37
41 + -27 + -13 - (3 - 1)
-1
Calculate (0 - (2 + 21)) + -259 + 266.
-16
Evaluate -13 - ((10 + -3 - 3) + (-7 - -3)).
-13
Evaluate (7 - 14) + 36 - (-8 - (-14 + -2)).
21
Evaluate ((-18 - -14) + -27 - -7) + 17.
-7
Calculate (-59 + 89 - 41) + 1 + 5 + 0.
-5
What is 7 + 4 + -29 - -4?
-14
What is the value of -1 + (-5 - -1) + (6 - 31) + 8?
-22
Evaluate 31 + -7 + 8 + -10 - (4 + 5).
13
Calculate -16 + -6 + (7 - (-1 + -1)).
-13
What is the value of (-10 - 5) + (-174 - -175 - (6 + 0))?
-20
Calculate (-603 - -582) + (18 - 1).
-4
1 - (0 + 7) - (-1138 + 1134)
-2
2 + -1 + 5 + 8 + 8 + -6
16
Calculate 17 - (-25 + 3 - -33).
6
Evaluate 0 + 8 + (11 - 8).
11
-2 - (-3 + -8 + 8 - (0 + 6))
7
What is the value of -8 + 24 + -18 - (-2 - 0)?
0
What is (-18 - -4) + 8 + (4 - 0) - 8?
-10
Evaluate 2 - 10 - (-21 + 7) - (1 + 9).
-4
Calculate (-15 - (5 + -10)) + -55 + 56.
-9
What is -9 + (26 - (16 - -10))?
-9
What is the value of -1 + -6 - (-17 + 17)?
-7
6 + -4 - ((22 - 24) + 13 + 0)
-9
What is -2 + (9 + (15 + -8 - 13) - 9)?
-8
Evaluate 45 + -49 - (-9 - 14).
19
What is 1 - -2 - ((-9 - -14) + -7) - 6?
-1
What is -4 + 18 + -6 + 3?
11
Calculate -4 + (11 + -8 - 0).
-1
Evaluate -15 - (-7 - -7) - (3 - 0 - 4).
-14
Evaluate (0 + 10 - (203 + -194)) + (-7 - -2).
-4
What is the value of -21 - (-16 + 34 + -19)?
-20
Calculate -3 + 2 + 5 - (-6 - (5 - 25)).
-10
Evaluate 16 - ((-7 - -1) + 7) - 6.
9
What is -7 + -4 + 3 - (8 + -1 + 6)?
-21
What is the value of (-28 - -12 - -28) + -28?
-16
What is the value of 5 - (38 + (2 - (2 + 5)))?
-28
What is the value of -10 - (15 + (4 - 4) + -10)?
-15
What is 12 + (-11 - -2) - 0 - 11?
-8
-15 - (-25 - 7) - (-1 + 3)
15
What is 2 + 3 + (2 - 4) + 38 + -26?
15
Calculate (-10 + 5 + 8 - 18) + (-6 - -9).
-12
-2 + (8 - (12 - 6 - 9))
9
Calculate -25 - (-9 - (-4 - -7)).
-13
Calculate (31 - 2) + 4 + -4.
29
Evaluate -22 + (39 - (-13 - -15)).
15
Calculate 14 + (-13 - (7 + 3)).
-9
What is 31 + -9 + (7 - 23)?
6
(6 - (9 - -4)) + 1 + 14 + 8
16
(8 - 1) + -1 - (-94 + -92 + 217)
-25
Calculate -27 + 20 + (-8 - -20).
5
Evaluate -4 - (-2 - (-2 - 1) - (-273 - -279)).
1
What is 0 - 8 - ((-11 - (16 - 18)) + -1)?
2
What is -7 - (-1 + -4) - (3 + 0) - -3?
-2
What is the value of (-4 - -11 - (-22 + 24)) + -10 + -1?
-6
31 + -15 + -38 - (-2 - (7 + -2))
-15
Evaluate 2 + -12 + (-1 + 10 + -15 - 1).
-17
What is (58 - 50) + -5 + -1?
2
What is the value of -4 - -5 - ((4 - 3) + -7)?
7
-5 + (2 - 0) - (-23 + 16 + 7)
-3
What is -3 + -5 + 21 + 0 + 2 + 12?
27
What is -5 + -11 + 7 - 5 - -3?
-11
Calculate 4 - 2 - -5 - (18 + -15) - 16.
-12
Calculate -29 - (-80 + 29 + -8).
30
What is (-24 - (-2 + 8)) + 10?
-20
Evaluate -27 - (3 + -14 - 0).
-16
Evaluate -1 + 27 + -26 + (3 - -2) + 1.
6
17 + (2 + 10 + -7 - 3) + 2
21
What is the value of -1460 + 1450 - (2 + -3 + -12)?
3
Calculate -5 - (-5 + -15) - (120 - 109).
4
Evaluate -45 - (-16 - (15 - 6 - 11)).
-31
Calculate -2 - (11 + -9 - 11).
7
What is the value of 11 - -3 - ((3 - 22) + 5)?
28
2 + (-2 - 10) - (-22 + 36 + -17)
-7
What is the value of (-6 - (10 - (-35 + 10))) + 14?
-27
What is 2 + (-3 + 2 + 3 + 5 - 6)?
3
-4 + 5 - (6 + (4 - (4 - 1)))
-6
-4 - ((4 - 6) + -10)
8
What is -7 - -1 - -4 - (-8 + 9)?
-3
Calculate 12 - (7 - (12 + -24)).
-7
-6 - (-22 - (9 - 22))
3
What is 17 + 14 + -12 + -14?
5
22 + (19 - 45 - 6)
-10
What is (3 - 6) + (-3 - -13) + 0 + -6?
1
What is the value of 7 + -5 + 3 + (10 - 12)?
3
Calculate 2 + 17 + 43 + -68 + 35.
29
What is the value of -13 - (4 + -2 + (16 - 15))?
-16
Evaluate -16 - (0 + (-34 - -18)) - -8.
8
What is 2 - (0 - 6 - (-11 + 8 - -4))?
9
Calculate -22 - (-19 - 13) - 26.
-16
Calculate (18 - 25) + 24 - 10.
7
7 - ((5 - (-7 + 6 - 2)) + 1)
-2
Calculate -24 + 53 - 20 - 8.
1
What is (48 - 64) + (-2 + 6 - -2)?
-10
What is the value of (-4 - 12) + 4 - (7 + -17)?
-2
What is the value of -15 + 5 + (3 - 10) + 2 - -10?
-5
(-6 - -2 - 1 - 3) + 1 + -3
-10
(3 - 1) + 9 - (-30 + 67)
-26
What is the value of 32 + -82 + (13 - -17)?
-20
What is the value of 10 + (-1 - ((2 - -7) + -18))?
18
What is the value of -2 - -1 - ((7 - (-16 + -1)) + -7)?
-18
What is the value of 0 + 0 - (19 + -7)?
-12
-247 - -234 - (-34 + 0)
21
What is (25 - -5 - 35) + 19 + (0 - 1)?
13
What is the value of -94 + 81 - (-3 + -2 + 2)?
-10
0 + -1 + 4 - (60 + -27 - 17)
-13
(-39 - 6 - -49) + (-5 - (-2 + 1))
0
Calculate 1 + (-25 - -24) + 14 + 3.
17
Evaluate -251 + 240 - (6 + -46).
29
Calculate (-6 - 7) + 15 + 5.
7
Evaluate -8 + 17 + -5 + 9 - (7 - 5).
11
Evaluate -1 + 0 - 4 - (-4 - (6 + 2)).
7
23 + -8 + -50 + 34
-1
What is the value of (4 - 0 - 17) + (-2 - -6) + 2?
-7
Calculate -6 + 18 + 13 - 14.
11
What is the value of (-31 - (-12 + -13)) + 10 + 2 + -3?
3
What is -22 + (0 + 11 - 6)?
-17
Calculate 16 - (32 + (-6 - 6)).
-4
(15 - 15) + ((0 - 0) + 6 - 3)
3
Calculate -5 + 9 + -9 + 1 + 4.
0
What is the value of -78 + 34 - (-24 - 14)?
-6
Calculate 8 - (11 + -10 + 4).
3
4 - 0 - (16 - (10 + -6 + -4))
-12
Evaluate -43 + -10 + 13 + 20.
-20
Calculate (-2 - -2) + 11 + 548 + -578.
-19
Calculate -23 + (17 - -5) - (10 + (-1 - 1)).
-9
Evaluate -8 + (15 - -1) + (0 - 21).
-13
Calculate 20 + -33 + 2 + -3 - 0.
-14
Calculate 11 - (4 + -7 + 12) - (-13 + -12).
27
What is the value of 41 - (4 - -38 - 31)?
30
Calculate -8 + -6 + 18 + -13 + 4 + 0.
-5
Calculate 2 + (-1 - (-5 + -1)) + 0 - -8.
15
Calculate 26 - 25 - (-3 + -7).
11
What is (17 - (15 + -14)) + -30?
-14
What is the value of (19 - 23) + 5 + (-1 - 0)?
0
Calculate -20 + 34 - (14 + 2).
-2
What is (24 - (6 + 26)) + 2 + 16?
10
What is the value of -11 - (2 + 5 + (7 - 7)) - -7?
-11
-10 - ((-44 - -20) + 35)
-21
What is the value of -5 - ((8 + 7 - 5 - 6) + 0)?
-9
What is 5 + 0 + -2 + 11 + -20?
-6
-7 + ((-9 - -12) + -16 - 4)
-24
Evaluate (8 - 13) + 8 - ((-3 - 3) + 6).
3
16 - (1 + -28 + 46)
-3
What is -1673 - -1672 - (2 + -3 + 18)?
-18
Evaluate 2 + (4 - 2 - (-22 + 29)).
-3
(5 + -19 - -2) + (11 - 3) + -4
-8
-2 - (-5 + -7 + 8)
2
Calculate (-12 - (0 - 1 - 2)) + (-28 - -34).
-3
What is 18 - (-8 - (9 - (-9 + -10 + 43)))?
11
What is the value of -13 - -21 - 2 - -9 - 9?
6
Calculate 1 + 9 - (-6 - (-6 - 24)).
-14
Calculate (5 - (8 + 2 - -7)) + 0.
-12
(-29 - (26 - 41)) + -25
-39
Calculate (-61 - -21) + 28 + 36.
24
What is the value of 8 + -23 + -1 + -111 + 94?
-33
-13 + (-2 - -17) + -17
-15
What is 20 + 8 + -32 + -11?
-15
Evaluate 4 - 1 - (605 - 601).
-1
-1 - -19 - (-7 - (24 - 38))
11
What is the value of 1 + 6 + -3 + -5 + 1?
0
28 + (-73 - (-8 + -14))
-23
What is -13 - (1 + -52 + 4) - 10?
24
Evaluate (34 + -15 - 9) + (6 - 4).
12
What is 1 + 4 - (-8 - (5 - 13))?
5
What is 13 + -55 + 9 - -28?
-5
-3 + (-6 - (2 + -3 - 1)) + -9
-16
-12 + 1 + (-1 + -3 - (3 - -10))
-28
What is the value of (-5 - -16) + 0 - ((8 - 0) + 0)?
3
Calculate 3 - -6 - 1 - (-12 - -22).
-2
Evaluate -5 + -4 + 6 + 10 + (-14 - -8).
1
What is 0 + (-5 - 16 - -16 - (1 - 4))?
-2
What is 13 + (-36 - (-11 + -2 - 3))?
-7
What is the value of 6 - (2 - (-10 + -3)) - (-6 + 0)?
-3
Calculate -2 + (-6 - (3 + 0)).
-11
What is the value of (3 - (-15 + 17 + 5)) + 1?
-3
Evaluate 6 + (-6 + 9 - 2) + 4 + 4.
15
Evaluate (9 - 2) + -1 - -5 - -2.
13
Eval